{"id":399,"date":"2024-12-23T17:13:24","date_gmt":"2024-12-23T17:13:24","guid":{"rendered":"http:\/\/erwine1.sg-host.com\/startseite\/"},"modified":"2025-04-18T13:44:28","modified_gmt":"2025-04-18T13:44:28","slug":"startseite","status":"publish","type":"page","link":"https:\/\/klippert.wp2.zinzius.de\/startseite\/","title":{"rendered":""},"content":{"rendered":"\n<h2 class=\"wp-block-heading has-text-align-center has-text-color\" style=\"color:#3c4858\">Ihr Partner f\u00fcr medizintechnische Ger\u00e4te und Sauerstoffger\u00e4te<\/h2>\n\n\n\n<div class=\"wp-block-columns alignfull container is-layout-flex wp-container-core-columns-is-layout-28f84493 wp-block-columns-is-layout-flex\">\n<div class=\"wp-block-column has-background is-layout-flow wp-block-column-is-layout-flow\" style=\"background-color:#dee8f0;flex-basis:24%\">\n<h5 class=\"wp-block-heading has-text-align-center has-text-color\" style=\"color:#083691;font-size:clamp(14px, 0.875rem + ((1vw - 3.2px) * 0.354), 18px);px\">Kontakt<\/h5>\n\n\n\n<p class=\"has-text-align-center has-primary-color has-text-color has-link-color wp-elements-6c2649a01fbfcc4d2b6482a3cb3944ba\" style=\"font-size:14px\">Klippert Medizintechnik e.K.<br>Regina Emondt<br>Am Arnsgraben 18<br>61389 Schmitten<\/p>\n\n\n\n<p class=\"has-text-align-center has-primary-color has-text-color has-link-color wp-elements-178ea7c8f6b9955f9ee12c7ca7705a27\" style=\"font-size:14px\">Tel: 06084-900797<br>Fax: 03212-1158712<br>Email: kontakt@klippert-medizintechnik.de<\/p>\n\n\n\n<div style=\"height:25px\" aria-hidden=\"true\" class=\"wp-block-spacer\"><\/div>\n<\/div>\n\n\n\n<div class=\"wp-block-column is-layout-flow wp-block-column-is-layout-flow\" style=\"flex-basis:64%\">\n<h2 class=\"wp-block-heading has-primary-color has-text-color has-link-color wp-elements-6a20bfe4103aa93d4c59fd4b492f1068\" style=\"font-size:clamp(14px, 0.875rem + ((1vw - 3.2px) * 0.531), 20px);\"><\/h2>\n\n\n\n<p><strong><strong>Die Klippert Medizintechnik pr\u00e4sentiert sich im neuen Design, <\/strong>aber mit der Ihnen gewohnten individuellen Beratung und dem zuverl\u00e4ssigen Service. <\/strong><\/p>\n\n\n\n<p class=\"has-primary-color has-text-color has-link-color wp-elements-a8a19664302de40d21e1c5489f9694a2\">Wir\u00a0besch\u00e4ftigten uns seit nunmehr \u00fcber 30 Jahren mit dem Thema &#8220;medizinischer Sauerstoff&#8221; und beraten nicht nur bei der Anschaffung von Ger\u00e4ten und diversen Zubeh\u00f6rteilen, sondern k\u00fcmmern uns auch um die Wartung und Reparatur Ihres Sauerstoff-Konzentrators und vermitteln die Versorgung bzw. Belieferung von Fl\u00fcssig-Sauerstoff. <\/p>\n\n\n\n<p class=\"has-primary-color has-text-color has-link-color wp-elements-2acbf72ee172ec22ce410e2e7ba6eb6e\"><strong>Kompetent &#8211; Zuverl\u00e4ssig &#8211; Deutschlandweit.<\/strong><\/p>\n\n\n\n<p>Neben Artikeln &#8220;Rund um den Sauerstoff&#8221; liefern wir auch\u00a0eine Vielzahl medizintechnischer Ger\u00e4te\u00a0f\u00fcr den\u00a0<strong>Krankenhaus-, <\/strong><br><strong>Arzt- und Praxisbedarf.\u00a0<\/strong>Zus\u00e4tzlich zu unseren zahlreichen Standardprodukten, k\u00f6nnen wir auch Artikel nach Kundenwunsch fertigen lassen. Setzen Sie sich unverbindlich mit uns in Verbindung, falls Sie den von Ihnen ben\u00f6tigten Artikel bei uns auf der Website nicht finden k\u00f6nnen.<\/p>\n\n\n\n<p>Um Ihnen immer die aktuellen und besten Preise anbieten zu k\u00f6nnen, bitten wie Sie, Ihr individuelles Angebot <br>bei uns einzuholen. F\u00fcr gr\u00f6\u00dfere Abnahmemengen gew\u00e4hren wir gerne Rabatte.<\/p>\n\n\n\n<p>G\u00fcnstige Angebote, Schnelligkeit und pers\u00f6nlichen Service sowie unsere Erfahrung und Zuverl\u00e4ssigkeit&nbsp;<br>sch\u00e4tzen unsere vielen zufriedenen Kunden an uns.<\/p>\n\n\n\n<p><strong>Bestellungen<\/strong>&nbsp;nehmen wir gerne<\/p>\n\n\n\n<ul class=\"wp-block-list\">\n<li>per Mail (<a href=\"mailto:kontakt@klippert-medizintechnik.de\">kontakt@klippert-medizintechnik.de<\/a>) oder<\/li>\n\n\n\n<li>\u00fcber unser&nbsp;<a href=\"https:\/\/klippert.wp2.zinzius.de\/startseite\/kontaktformular\/\" data-type=\"page\" data-id=\"532\" target=\"_blank\" rel=\"noreferrer noopener\">Kontaktformular<\/a><\/li>\n<\/ul>\n\n\n\n<p>entgegen.<\/p>\n\n\n\n<p><strong>\u00dcberzeugen Sie sich selbst!<\/strong><\/p>\n<\/div>\n\n\n\n<div class=\"wp-block-column is-layout-flow wp-block-column-is-layout-flow\" style=\"flex-basis:12%\">\n<h2 class=\"wp-block-heading has-text-color has-link-color wp-elements-65b5bd9ee5b466a036a4c4bc5cb26fd0\" style=\"color:#f60c0c\">Aktuelles<\/h2>\n\n\n\n<p class=\"has-primary-color has-text-color has-link-color wp-elements-8fc164960895ef3e0353b6c000c32a53\"><strong>Wir m\u00f6chten Sie bitten, sich zwecks aktueller Preise mit uns in Verbindung zu setzen.<br>Die Preise auf der Website haben nur bedingt G\u00fcltigkeit.&nbsp;<\/strong><\/p>\n\n\n\n<p class=\"has-primary-color has-text-color has-link-color wp-elements-39773dd94ead13bc13be7afcf9eff360\"><strong><strong>Neu bei uns im Sortiment:<br>Infusionsflaschenaufh\u00e4nger aus Kunststoff.<\/strong><\/strong><\/p>\n\n\n\n<p class=\"has-primary-color has-text-color has-link-color wp-elements-995a520f6c936dc22ca22994f9ea9a37\">Bei Interesse k\u00f6nnen Sie sich gerne mit uns in Verbindung setzen.<\/p>\n<\/div>\n<\/div>\n\n\n\n<div class=\"wp-block-columns alignfull container has-background is-layout-flex wp-container-core-columns-is-layout-28f84493 wp-block-columns-is-layout-flex\" style=\"background-color:#dee8f0\">\n<div class=\"wp-block-column col-md-5 is-layout-flow wp-block-column-is-layout-flow\" style=\"flex-basis:70%\">\n<div style=\"height:55px\" aria-hidden=\"true\" class=\"wp-block-spacer\"><\/div>\n\n\n\n<h2 class=\"wp-block-heading\"><\/h2>\n<\/div>\n\n\n\n<div class=\"wp-block-column col-md-6 col-md-offset1 is-layout-flow wp-block-column-is-layout-flow\" style=\"flex-basis:30%\">\n<div style=\"height:55px\" aria-hidden=\"true\" class=\"wp-block-spacer\"><\/div>\n<\/div>\n<\/div>\n\n\n\n<p><\/p>\n","protected":false},"excerpt":{"rendered":"<p>Ihr Partner f\u00fcr medizintechnische Ger\u00e4te und Sauerstoffger\u00e4te Kontakt Klippert Medizintechnik e.K.Regina EmondtAm Arnsgraben 1861389 Schmitten Tel: 06084-900797Fax: 03212-1158712Email: kontakt@klippert-medizintechnik.de Die Klippert Medizintechnik pr\u00e4sentiert sich im neuen Design, aber mit der Ihnen gewohnten individuellen Beratung und dem zuverl\u00e4ssigen Service. Wir\u00a0besch\u00e4ftigten uns seit nunmehr \u00fcber 30 Jahren mit dem Thema &#8220;medizinischer Sauerstoff&#8221; und beraten nicht nur bei &hellip; <\/p>\n<p class=\"link-more\"><a href=\"https:\/\/klippert.wp2.zinzius.de\/startseite\/\" class=\"more-link\">Read more<span class=\"screen-reader-text\"> &#8220;&#8221;<\/span><\/a><\/p>\n","protected":false},"author":4,"featured_media":0,"parent":0,"menu_order":0,"comment_status":"closed","ping_status":"closed","template":"","meta":{"footnotes":""},"class_list":["post-399","page","type-page","status-publish","hentry"],"_links":{"self":[{"href":"https:\/\/klippert.wp2.zinzius.de\/startseite\/wp-json\/wp\/v2\/pages\/399","targetHints":{"allow":["GET"]}}],"collection":[{"href":"https:\/\/klippert.wp2.zinzius.de\/startseite\/wp-json\/wp\/v2\/pages"}],"about":[{"href":"https:\/\/klippert.wp2.zinzius.de\/startseite\/wp-json\/wp\/v2\/types\/page"}],"author":[{"embeddable":true,"href":"https:\/\/klippert.wp2.zinzius.de\/startseite\/wp-json\/wp\/v2\/users\/4"}],"replies":[{"embeddable":true,"href":"https:\/\/klippert.wp2.zinzius.de\/startseite\/wp-json\/wp\/v2\/comments?post=399"}],"version-history":[{"count":9,"href":"https:\/\/klippert.wp2.zinzius.de\/startseite\/wp-json\/wp\/v2\/pages\/399\/revisions"}],"predecessor-version":[{"id":989,"href":"https:\/\/klippert.wp2.zinzius.de\/startseite\/wp-json\/wp\/v2\/pages\/399\/revisions\/989"}],"wp:attachment":[{"href":"https:\/\/klippert.wp2.zinzius.de\/startseite\/wp-json\/wp\/v2\/media?parent=399"}],"curies":[{"name":"wp","href":"https:\/\/api.w.org\/{rel}","templated":true}]}}