{"id":731,"date":"2025-03-06T12:10:10","date_gmt":"2025-03-06T12:10:10","guid":{"rendered":"https:\/\/klippert.wp2.zinzius.de\/startseite\/?page_id=731"},"modified":"2025-03-16T17:36:39","modified_gmt":"2025-03-16T17:36:39","slug":"gox-box","status":"publish","type":"page","link":"https:\/\/klippert.wp2.zinzius.de\/startseite\/gox-box\/","title":{"rendered":"Gox-Box"},"content":{"rendered":"\n<p class=\"has-text-align-center\">Die sichere Transport-Box f\u00fcr Ihren Sauerstoff.<\/p>\n\n\n\n<p class=\"has-text-align-center\">Transportieren Sie Druckgasflaschen (alle Flaschengr\u00f6\u00dfen und Flaschenwerkstoffe bis einschl. 2-Liter-Flaschen)&nbsp;<br><strong>sicher und vorschriftskonform<\/strong>&nbsp;mit der Gox-Box f\u00fcr 6 oder 15 Flaschen.<\/p>\n\n\n\n<p class=\"has-text-align-center\"><strong>Die Boxen sind komplett als Set mit Deckel und Gef\u00e4che, aber auch getrennt erh\u00e4ltlich.<\/strong>&nbsp;<\/p>\n\n\n\n<div class=\"wp-block-buttons is-layout-flex wp-block-buttons-is-layout-flex\">\n<div class=\"wp-block-button\"><a class=\"wp-block-button__link wp-element-button\" href=\"https:\/\/klippert.wp2.zinzius.de\/startseite\/2025\/03\/06\/gox-box\/\">Gox-Box<\/a><\/div>\n<\/div>\n\n\n\n<div class=\"wp-block-buttons is-layout-flex wp-block-buttons-is-layout-flex\">\n<div class=\"wp-block-button\"><a class=\"wp-block-button__link wp-element-button\" href=\"https:\/\/klippert.wp2.zinzius.de\/startseite\/2025\/03\/06\/kleine-gox-box\/\">Got-Box klein<\/a><\/div>\n<\/div>\n\n\n\n<div class=\"wp-block-buttons is-layout-flex wp-block-buttons-is-layout-flex\">\n<div class=\"wp-block-button\"><a class=\"wp-block-button__link wp-element-button\" href=\"https:\/\/klippert.wp2.zinzius.de\/startseite\/2025\/03\/06\/deckel-fur-transportboxen\/\">Deckel<\/a><\/div>\n<\/div>\n\n\n\n<div class=\"wp-block-buttons is-layout-flex wp-block-buttons-is-layout-flex\">\n<div class=\"wp-block-button\"><a class=\"wp-block-button__link wp-element-button\" href=\"https:\/\/klippert.wp2.zinzius.de\/startseite\/2025\/03\/06\/gefache-fur-transportbox\/\">Gef\u00e4che<\/a><\/div>\n<\/div>\n","protected":false},"excerpt":{"rendered":"<p>Die sichere Transport-Box f\u00fcr Ihren Sauerstoff. Transportieren Sie Druckgasflaschen (alle Flaschengr\u00f6\u00dfen und Flaschenwerkstoffe bis einschl. 2-Liter-Flaschen)&nbsp;sicher und vorschriftskonform&nbsp;mit der Gox-Box f\u00fcr 6 oder 15 Flaschen. Die Boxen sind komplett als Set mit Deckel und Gef\u00e4che, aber auch getrennt erh\u00e4ltlich.&nbsp;<\/p>\n","protected":false},"author":3,"featured_media":0,"parent":0,"menu_order":0,"comment_status":"closed","ping_status":"closed","template":"","meta":{"footnotes":""},"class_list":["post-731","page","type-page","status-publish","hentry"],"_links":{"self":[{"href":"https:\/\/klippert.wp2.zinzius.de\/startseite\/wp-json\/wp\/v2\/pages\/731","targetHints":{"allow":["GET"]}}],"collection":[{"href":"https:\/\/klippert.wp2.zinzius.de\/startseite\/wp-json\/wp\/v2\/pages"}],"about":[{"href":"https:\/\/klippert.wp2.zinzius.de\/startseite\/wp-json\/wp\/v2\/types\/page"}],"author":[{"embeddable":true,"href":"https:\/\/klippert.wp2.zinzius.de\/startseite\/wp-json\/wp\/v2\/users\/3"}],"replies":[{"embeddable":true,"href":"https:\/\/klippert.wp2.zinzius.de\/startseite\/wp-json\/wp\/v2\/comments?post=731"}],"version-history":[{"count":2,"href":"https:\/\/klippert.wp2.zinzius.de\/startseite\/wp-json\/wp\/v2\/pages\/731\/revisions"}],"predecessor-version":[{"id":845,"href":"https:\/\/klippert.wp2.zinzius.de\/startseite\/wp-json\/wp\/v2\/pages\/731\/revisions\/845"}],"wp:attachment":[{"href":"https:\/\/klippert.wp2.zinzius.de\/startseite\/wp-json\/wp\/v2\/media?parent=731"}],"curies":[{"name":"wp","href":"https:\/\/api.w.org\/{rel}","templated":true}]}}